10110110
102110220100 (base 3) to base 9
373810
What is 1036a (base 11) in base 12?
8888
What is 3129654 (base 12) in base 10?
9264736
Convert -143c326 (base 13) to base 10.
-6424567
102551455 (base 6) to base 15
25dd08
What is 22523100 (base 6) in base 8?
2516054
Convert 78b66 (base 15) to base 16.
5dbca
2222021213 (base 4) to base 3
1022102000102
-1202240 (base 5) to base 8
-53263
841a1b (base 15) to base 7
104256140
What is -3224404324 (base 5) in base 11?
-3974425
-621a43 (base 11) to base 4
-3303230200
-417c (base 16) to base 2
-100000101111100
What is -25c7129 (base 13) in base 4?
-231101203232
14746 (base 9) to base 2
10011101100110
What is 1b4b529 (base 13) in base 15?
bdb89d
What is 17741210 (base 8) in base 3?
21212021220210
Convert 6146106 (base 7) to base 6.
23424030
-816426 (base 9) to base 14
-c83a3
213301212 (base 6) to base 3
21011012101222
Convert -1042440034 (base 5) to base 12.
-935a9a
5879b (base 14) to base 4
310213311
What is -802bb (base 12) in base 2?
-101000100110101111
What is 177248 (base 9) in base 6?
2210325
Convert 707013 (base 8) to base 5.
24423341
24210603 (base 8) to base 12
1942717
Convert -1486b2 (base 12) to base 6.
-11232342
Convert 2212021101001 (base 3) to base 5.
342132330
Convert -20555505 (base 6) to base 13.
-183098
What is -102332420 (base 5) in base 13?
-122400
Convert -2310224021 (base 5) to base 10.
-5164261
-101100100100110000001 (base 2) to base 6
-51150025
What is 110010111010011 (base 2) in base 12?
13103
Convert 15b75 (base 16) to base 15.
1b54e
-123302122 (base 4) to base 15
-23acd
ab821 (base 15) to base 13
16120c
Convert -1340201104 (base 5) to base 2.
-1101001000110011000000
Convert 40edc2 (base 16) to base 4.
100032313002
-3310330001 (base 4) to base 14
-1c189b
Convert -1413043423 (base 5) to base 15.
-4be8c8
What is -111000101100001011101 (base 2) in base 4?
-13011201131
What is 14401134 (base 5) in base 7?
1205631
What is 3aee6 (base 15) in base 9?
317220
What is -56037 (base 9) in base 7?
-213331
Convert 12473366 (base 8) to base 16.
2a76f6
Convert 14232350 (base 7) to base 10.
1335824
b526 (base 13) to base 2
110000111010100
Convert -102002002021122 (base 3) to base 13.
-12b1680
Convert -38013 (base 14) to base 4.
-201200001
What is 663a5 (base 16) in base 12?
182399
-88127 (base 15) to base 4
-1221202012
-110100000100011110011100 (base 2) to base 4
-310010132130
Convert 1114101422 (base 6) to base 2.
101110101010010101010110
Convert 3401324 (base 7) to base 13.
119633
What is -18dce (base 15) in base 3?
-11002202112
1101111011001001111 (base 2) to base 6
13440211
What is 360899 (base 11) in base 13?
17050a
What is -51a62 (base 11) in base 15?
-176e4
Convert 115268 (base 12) to base 11.
180331
-ab4a09 (base 15) to base 9
-16326150
What is 503035 (base 7) in base 9?
138644
15094 (base 10) to base 13
6b41
What is 626603 (base 7) in base 12?
525bb
Convert 10132020132 (base 4) to base 5.
300000443
-1b2b84 (base 15) to base 16
-143a1f
Convert 2c3d33 (base 16) to base 13.
7a6844
What is 24050461 (base 7) in base 12?
86871a
Convert 134a649 (base 12) to base 14.
71b145
Convert -10095846 (base 10) to base 15.
-d46566
Convert -9b827 (base 14) to base 8.
-1341273
-3815437 (base 9) to base 2
-111111011001001011111
Convert -11053523 (base 6) to base 4.
-1101201123
What is -34aa62 (base 12) in base 10?
-848234
Convert 5418d (base 14) to base 3.
101022222111
-a6b67 (base 12) to base 14
-59d4b
Convert -1000100100000010010010 (base 2) to base 4.
-20210002102
-54f8c9 (base 16) to base 11
-3163947
-71928 (base 12) to base 3
-21112022012
Convert -45345263 (base 8) to base 15.
-cdda05
-1161652 (base 7) to base 16
-24820
Convert -47673022 (base 8) to base 12.
-35bb86a
347a8 (base 11) to base 2
1100010000100100
Convert -47a856 (base 11) to base 10.
-761030
2305120 (base 9) to base 6
42354113
-110111010100110110 (base 2) to base 8
-672466
1576551 (base 8) to base 5
104124324
What is 51314b (base 14) in base 8?
12337637
What is 13243002 (base 5) in base 7?
1066020
What is 413434 (base 5) in base 14?
4d6b
What is 11303142 (base 6) in base 16?
559a6
-12882 (base 10) to base 15
-3c3c
Convert -2403254 (base 6) to base 8.
-364362
-1151111 (base 6) to base 4
-32323303
What is -107815 (base 12) in base 15?
-529d2
What is 2019667 (base 12) in base 6?
332444211
-110001001111001110010 (base 2) to base 10
-1613426
Convert -130041 (base 11) to base 8.
-620333
182a4 (base 12) to base 11
24303
What is 171471 (base 10) in base 7?
1312626
-7c130a (base 14) to base 6
-230351102
What is -14971 (base 16) in base 11?
-58400
What is 222210021001211 (base 3) in base 15?
13b30e1
What is -1a737 (base 16) in base 3?
-12111121201
Convert -106140 (base 12) to base 4.
-333111000
Convert 4cc83 (base 14) to base 6.
4015135
Convert -929c1a (base 14) to base 10.
-4944320
Convert -68212 (base 13) to base 7.
-1415611
What is 3603613 (base 7) in base 12?
19b46a
-1198893 (base 13) to base 10
-5474199
What is 34734 (base 11) in base 12?
25017
What is 80c85 (base 13) in base 15?
48500
-10202202302 (base 5) to base 16
-a1827e
132112213 (base 6) to base 16
280371
What is 210100203 (base 5) in base 10?
862553
Convert 719613 (base 13) to base 2.
1010000110100101011111
-51207d (base 14) to base 3
-12010212011020
Convert 72a05 (base 14) to base 9.
461082
-64dd61 (base 15) to base 4
-102111100021
Convert 3054411 (base 8) to base 16.
c5909
Convert 110111011001001101101000 (base 2) to base 12.
4a43574
Convert -13332303020 (base 4) to base 13.
-58340c
What is 10202221122 (base 3) in base 7?
426452
154bc8 (base 13) to base 15
a57de
11111002010 (base 3) to base 14
2424a
-2376545 (base 10) to base 7
-26125463
-57743 (base 14) to base 2
-110011111011101111
Convert 10001101100001001011 (base 2) to base 6.
20231335
-4723585 (base 9) to base 5
-1123224043
-97ad6 (base 14) to base 13
-cb126
Convert 1eea1 (base 16) to base 5.
13023000
-231013224 (base 5) to base 16
-fc07a
What is 1b6d13 (base 15) in base 9?
2461330
-306814 (base 9) to base 3
-100020220111
3757203 (base 8) to base 4
3331322003
-12000120200 (base 3) to base 8
-301026
Convert 6507 (base 12) to base 7.
44230
What is -d5c (base 16) in base 12?
-1b90
-24489 (base 11) to base 3
-1210021020
24250 (base 15) to base 12
56863
Convert -411470 (base 13) to base 4.
-11302102121
-30630126 (base 7) to base 14
-4b1abd
What is 153063651 (base 7) in base 3?
201021211001010
Convert 111010000111010101101 (base 2) to base 5.
441414201
-2001222102022 (base 3) to base 12
-451768
Convert 57501571 (base 8) to base 14.
1930173
What is -872624 (base 9) in base 6?
-15052421
What is -8880 (base 13) in base 2?
-100101001011000
-200112211002 (base 3) to base 16
-59228
Convert 184d3 (base 14) to base 3.
10010010202
What is -2220200200120 (base 3) in base 12?
-628429
-61348a (base 13) to base 10
-2263700
What is -10033886 (base 10) in base 11?
-5733675
Convert -11010000111110011 (base 2) to base 6.
-2143203
121021002212101 (base 3) to base 16
83e16e
What is 50445457 (base 8) in base 16?
a24b2f
What is 15b0cc (base 13) in base 8?
2033501
What is 2021010200 (base 4) in base 9?
1045132
Convert 5207366 (base 8) to base 9.
2533108
453617 (base 15) to base 4
30212023222
164e3 (base 15) to base 8
214464
What is 111101100000100110011 (base 2) in base 8?
7540463
What is -243122 (base 6) in base 9?
-32355
4341516 (base 9) to base 10
2330304
-376229 (base 10) to base 5
-44014404
What is -297b6 (base 14) in base 2?
-11001001010010100
30592 (base 14) to base 12
57404
Convert 221100212102 (base 3) to base 16.
79e44
Convert -4113b (base 12) to base 10.
-84863
626446 (base 12) to base 14
2c3302
-2223304 (base 7) to base 4
-1003013032
-1000100011010011111011 (base 2) to base 10
-2241787
-1716596 (base 11) to base 7
-33560460
-111112033003 (base 4) to base 11
-3182483
Convert 1154323 (base 7) to base 2.
100100001000011101
Convert -1000000111010001100 (base 2) to base 4.
-1000322030
-620130 (base 7) to base 10
-105714
64047 (base 8) to base 13
c1a0
-470338 (base 9) to base 12
-117515
28c959 (base 13) to base 16
f3e79
10011100000000101 (base 2) to base 6
1413445
-3023633 (base 7) to base 6
-11410252
Convert 100011100111000100011 (base 2) to base 12.
483343
Convert 13040410 (base 5) to base 2.
11111001001110101
Convert -2448875 (base 13) to base